33
Evaluate 50 - (-5 + -3 - (-49 + 66)).
75
Calculate 18 + 55 + (-62 - 31).
-20
Calculate -90 - (-97 + 4 - -101).
-98
Calculate 0 + -45 - ((0 - -19) + -486 + 464).
-42
What is the value of -3 + 8 + 82 + 0 + -5 - (12 - 14)?
84
Evaluate 13 + (-3 - -19) + (-11 - 4) + -10.
4
Calculate 0 + 4 + -100 + 120.
24
Evaluate 27 - (14 - -12) - ((-9 + 3 - 3) + 61).
-51
What is (4 - -7) + 0 + -18 + 10 + 17?
20
What is the value of (118 - 100) + (-1 - 5 - (3 - 2)) + -1?
10
Evaluate ((-3 - -4) + -6 - (-34 + -27)) + -2.
54
What is 0 + -52 + (-78 - -80) + -5 + (0 - 7)?
-62
What is the value of -4 + (56 + -17 - ((-3 - 3) + 12)) + -7?
22
Evaluate (-65 - -214) + -152 - (3 + -1 - 79).
74
What is 6 + -4 - ((-14 - (-7 - 24)) + -13)?
-2
Calculate -101 + 10 - (-12 - (-10 + (-7 - -12) + 2)).
-82
What is the value of (0 - 3) + (-51 - 8 - -65)?
3
Calculate 31 - (-9 - (-66 + 18)).
-8
Evaluate (13 - ((77 - 5 - 5) + 7 - -2)) + 13.
-50
What is (-1458 - -1396) + (-6 - -70)?
2
What is -55 + -113 - -141 - (0 - -17)?
-44
What is -2 - -43 - (-14 + 29) - -2?
28
Evaluate (1 - 1 - -3 - (-50 + 3)) + -2615 + 2611.
46
Calculate 54 + -29 + (58 - 84).
-1
Evaluate 14 + (11 - (22 + 1)) - 3.
-1
(45 + 19 - 140) + 41
-35
What is -12 - (37 + -32 + -5 + 1 + 0)?
-13
Evaluate -83 - (-64 - 35) - 87.
-71
Calculate -1 + 2 + 9 + 61 + (56 - 56).
71
(19 - 21) + 15 - 9 - (-1 - -1)
4
What is the value of (19 + -7 - 15 - (10 + -2 + -13)) + -79?
-77
3 + (64 - (27 + -39 + (2 - (1 - 14))))
64
7 + -4 + -16 + 55 + 29 + -50
21
0 - 77 - (1787 + -1850)
-14
Evaluate -41 + (54 - 46) + 26.
-7
(0 - 1) + (-4827 - -4824) - (78 + (-1 - -2))
-83
Evaluate 1 + -117 + (33330 - 33249).
-35
What is (-15 - -30) + -17 + -3 - (31 - 1 - 2)?
-33
Calculate -13 + (-40 - -28) + -11.
-36
Calculate (64 - -77 - 78) + -123.
-60
Calculate (-1 - (-3 + 6) - (47 - (-8 - -5))) + -1.
-55
Calculate -5 + (-2 - -4) - ((-86 - 14) + 25 - -27).
45
Calculate 73 - (61 + -98 - -79).
31
What is (-19 - (65 + -46)) + 32?
-6
Evaluate -30 - (205 + -191 + (-2 - -8)) - 6.
-56
Calculate (-6 - 5) + (32 - (-22 + 23)).
20
What is the value of 81 + -12 + (-40 + 55 - 25)?
59
Evaluate -5 + 0 + -8 + (16 - -42) + 12 + -16.
41
Evaluate 10 - (8 + -12 + (-7 - (-56 + -7))).
-42
Calculate (-30 - (-90 - (-67 + 33))) + 68.
94
Evaluate -4 - ((5 - -12) + -2) - (69 - 71).
-17
What is (-1 - -28) + 102 + -88 + (6 - 1)?
46
Evaluate -68 + 74 - (1425 + -1430 + 0 + 1 + -1).
11
What is -32 + 0 - (57 - (110 - 70))?
-49
Evaluate 34 + (18 - 19) + -28.
5
What is the value of 7 - (-21 + (42 - 90) + 21)?
55
-68 - (-19 + (-1 + (38 - 9) - 19))
-58
Evaluate -34 + -27 - -71 - (-11 - 1).
22
Evaluate 39 + 0 + (97 - (91 + -30)).
75
Calculate 24 + -2 + 44 + -1 + -44.
21
8 + 1 + 0 + -2 + -91 + 240 + -139
17
Evaluate 35 + 11 + (18 - 22) - 5.
37
(2 + 35 - 0 - (19 + -12 - 0)) + 9
39
Calculate -46 - (413 - 423 - (-4 - -18)).
-22
What is -67 - (0 + (22 - (-2 - -20))) - -14?
-57
What is -2 + -2 - (-49 + (8 - -32)) - -7?
12
Evaluate 3 - (-3 - 110) - (-5271 + 5270).
117
Calculate -430 + 331 - (31 - 80).
-50
Evaluate 47 + -62 + 14 - (-40 - 7).
46
What is 42 + -80 + 9 + 8?
-21
Calculate 82 + 138 + 50 + -241.
29
Calculate 0 + -1 + -40 - ((5 - 7) + -9 + 5).
-35
-5 - (-61 - -31 - -39 - (1 + 108))
95
(-3 - 0) + (-27 - -36) + 14 + 0
20
Calculate 103 - (-71 - -131) - (188 - -5).
-150
What is (2 - -5) + (-337 - -313)?
-17
Calculate (52 - 20) + (21 + -32 - 15).
6
What is the value of -82 + 11 + (-77 - -134)?
-14
(-31 - 1 - (-144 + 140)) + -15
-43
Evaluate (31 - -5) + -7 - (0 - -2 - 4 - 11).
42
Evaluate 0 - 9 - -1 - (-410 - -335 - 83).
150
Evaluate -9 - ((11 + (2 - 1) - (-217 - -201)) + 11).
-48
Calculate (31 - -15) + 16 - (2 + (-2 - (-3 - 2))).
57
What is the value of -8757 + 8658 + 245 + 1?
147
What is the value of (-12451 - -12476) + -82 + -1?
-58
What is -17 + (-30 - (-12 + -22 - -23))?
-36
Calculate -3 + (11 - (14 + -13)) + (-50 - (0 + 1)).
-44
What is the value of 6 - (-1 + -2) - (-8 + 0 + -3)?
20
What is the value of -1 - (-61 + 65 + -54)?
49
What is 3 + (4 - (0 - 4)) + (34 - (4 - -7))?
34
What is -53 + (1 + -17 - (236 + -254))?
-51
-52 + (4 - (-14 - (9 + -10)))
-35
What is 5 + 15 + -9 + -14 - -43?
40
Evaluate 11 + -1 + (71 - 8) + -63.
10
What is the value of (-4 - -18) + (22 - 0)?
36
(68 - 77) + 30 + -61
-40
Calculate -261 + 232 - ((2 - 3) + 9).
-37
-16 + (21 - (-1 + 2 + 4))
0
What is 118 + (-65 - 30) + -33?
-10
Evaluate -5 + (4 - (-15 + (14 - -2))) - -18.
16
Evaluate 1 + (2 - 6) - (21 - (-10 - -25 - -47)).
38
What is 54 + (-19 - (92 - 20))?
-37
-2 + (3 - -19 - 4) - (-1813 - -1778)
51
What is the value of (-1 - -5) + 39 - 45?
-2
What is the value of 14 - (27 - 20) - (35 + -31 + (-1 - 51))?
55
-1 + (6 - 5) + -1 - (-55 + 15 - -8)
31
Calculate (5 - 3) + -5 - -1 - 11 - 30.
-43
Calculate -12 - (-78 - (-16 + -8 + -5 + 13 - -12)).
62
What is the value of 272 + -145 - (-9 - ((13 - 5) + -2 - 2))?
140
What is (1 + -2 - -8) + -4 - (28 - (-24 - 46))?
-95
-21 + (125 - 79) + 8
33
Evaluate (-8 - -14) + 53 + (5 - (6 + 1)).
57
98 + -15 + (31 - (8 + 0)) - (-6 - 2)
114
Calculate 3 + (-12 - -15) + 32 + -20 - -81.
99
What is -2 + -33 - (12 - ((5 - 11 - -9) + 8))?
-36
Evaluate (2 - 6) + 4 + -23 - ((34 - 89) + 45).
-13
Evaluate (24 - (6 - -1)) + 33 + -49.
1
What is the value of -85 + -43 + (156 - 59)?
-31
What is -1 + (-11 + -19 - -10) + -29 + -38?
-88
Calculate 0 - 50 - (-7 + -10 + -19 + 43).
-57
Evaluate 64 + -24 + (-42 - -45).
43
What is 537 - 533 - (-46 + 9)?
41
Calculate 12 + (-28 + 4 - (-29 - -18)).
-1
Evaluate 2 + (-1 - 0) + (10 - 17) + 23 + -2.
15
Evaluate -7 - (-158 + 68 + -10).
93
Calculate (-79 - -59 - -45) + -55.
-30
Evaluate -16 - (113 + 36 + -141).
-24
What is the value of 307 + -331 + -13 + -6?
-43
Evaluate -15 - -3 - ((-7 - -71) + (-8 + 15 - -11)).
-94
Calculate 25 - (-3 + -4 + 19) - 69.
-56
What is 9 + -8 - 0 - (3 - 0 - (139 + -75))?
62
What is the value of 6 + (-3 - -5) + (-13 - (-14 + 8)) + 52?
53
7 + (2 - -19) + -19 + (0 - -4)
13
Evaluate -1 + -4 - -16 - (-37 + 32 - -79).
-63
11 + -1 - (-21 - (-13 + 12 - -11))
41
Evaluate -5 - ((32 - 29) + -13 + -59 + 1 + -7).
70
Evaluate -87 + 66 - ((-40 - 1) + 3 + 1).
16
Calculate (15 - (2 + 21 + -19)) + -8 + -7 + 44.
40
What is -221 - -65 - -145 - (0 + 34)?
-45
What is the value of -19 + (-16 - (-5 + -22)) + 3?
-5
What is (-53 - (1 - (9 + -27))) + 19?
-53
Calculate -7 - (-10 - (-9 - -4 - -17)).
15
What is 38 + -69 - (-29 - 11) - -40?
49
Calculate 22 + -13 + (391 - 382).
18
What is 7 + 1 + (-136 - (23 - 9 - (48 - 13)))?
-107
(3 - 2 - (-1 + 15)) + -1 + -18
-32
Evaluate (-40 - -11) + -3 + -1 + (6 - 1) + -12.
-40
What is (-10622 - -10587) + 3 + -1 + 108?
75
Calculate -54 - (16 - (14 - (-14 + 16))).
-58
Calculate (139 - -1) + -22 + 10 + 6 + 16 + -15.
135
Evaluate -16 + (8 - 6) + -7 + -8 + 76.
47
What is the value of 1 + -134 - ((-46 - ((-13 - -37) + -35)) + 23)?
-121
Calculate (15 + 12 - -16) + (-15 - 3) + -8.
17
What is the value of ((-64 - -21) + 81 - 111) + (6 - (0 - 1))?
-66
What is the value of -7 + 0 + (-2 - -18 - (112 + 19 + -51))?
-71
Calculate -15 + 1 + -1 - (-12 - (-15 + 8 - -5)).
-5
Calculate 26 + (10 + -14 - 31).
-9
What is the value of (-4 - 14) + 473 + -438?
17
What is 7 + -6 - -10 - ((-14 - (14 - 10)) + -20)?
49
Calculate -21 - (-25 + -29 + -4).
37
Evaluate (4 - -1) + -10 + (-40 - (-13 + 4)).
-36
0 - -68 - (40 - 31 - (-8 + -4 + 34))
81
63 - (-112 - -103 - ((7 - 4) + -2))
73
What is 64 - 8 - (121 - 23)?
-42
What is -4 + 2 + 2 + -9 + (-10 - -3) + 10?
-6
What is the value of 107 + -107 - ((3 - 0) + -6)?
3
What is the value of 71 + (-49 + 19 - 69)?
-28
What is 167 - 226 - (-10 + -1)?
-48
Evaluate -17 - (40 - (-8 - (17 + -8 + -6))).
-68
-14 + 2 - ((39 - 71) + 31)
-11
Evaluate 130 + -324 + 197 + 81 + (2 + -3 - -1).
84
What is -10 + 0 - (0 + -5 + 20 + -25) - -8?
8
What is 5 + -92 + 3 - (56 + -68 + 23)?
-95
Evaluate (-4 - -1 - (160 + -165)) + 29.
31
What is (-53 - (18 - -14)) + (2 - -17) + 11?
-55
Calculate -3327 - -3331 - (0 - -1 - 33).
36
What is the value of 58 - ((0 - -17) + -260 + 254)?
47
Evaluate -23 + (-60 - -85) - -50.
52
What is 70 + -2 - (1256 - 1256)?
68
Calculate (1 + -6 - (2 + -6)) + (-22 - (77 - 4)).
-96
What is the value of 88 - 1 - (1777 + -1733)?
43
Calculate 48 + -17 + -28 - -12.
15
What is 2 - -1 - 6 - -8 - (-62 - (-38 - -34))?
63
What is the value of 3